{"id":1014,"date":"2023-02-15T14:27:33","date_gmt":"2023-02-15T14:27:33","guid":{"rendered":"http:\/\/blascozumeta.com\/?page_id=1014"},"modified":"2023-02-16T15:47:48","modified_gmt":"2023-02-16T15:47:48","slug":"1014-2","status":"publish","type":"page","link":"https:\/\/blascozumeta.wimbitek.com\/?page_id=1014&lang=en","title":{"rendered":"Cookies"},"content":{"rendered":"\n<h2 class=\"has-text-align-center wp-block-heading\" style=\"padding-top:var(--wp--preset--spacing--30);padding-right:var(--wp--preset--spacing--80);padding-bottom:var(--wp--preset--spacing--30);padding-left:var(--wp--preset--spacing--80)\">Cookies<\/h2>\n\n\n\n<p style=\"padding-top:var(--wp--preset--spacing--30);padding-right:var(--wp--preset--spacing--80);padding-bottom:var(--wp--preset--spacing--30);padding-left:var(--wp--preset--spacing--80)\">Web Gu\u00eda de identificaci\u00f3n de aves de Arag\u00f3n y Espa\u00f1a continental uses cookies, small data files that are generated in the user&#8217;s computer and that intervene as security elements and access control to some restricted areas and for statistical purposes for internal use.<\/p>\n\n\n\n<p style=\"padding-top:var(--wp--preset--spacing--30);padding-right:var(--wp--preset--spacing--80);padding-bottom:var(--wp--preset--spacing--30);padding-left:var(--wp--preset--spacing--80)\">In no case will cookies be used to collect personal information.<\/p>\n\n\n\n<h3 class=\"wp-block-heading\" style=\"padding-top:var(--wp--preset--spacing--30);padding-right:var(--wp--preset--spacing--80);padding-bottom:var(--wp--preset--spacing--30);padding-left:var(--wp--preset--spacing--80)\">Used Cookies<\/h3>\n\n\n\n<figure class=\"wp-block-table is-style-stripes\" style=\"padding-top:var(--wp--preset--spacing--30);padding-right:var(--wp--preset--spacing--80);padding-bottom:var(--wp--preset--spacing--30);padding-left:var(--wp--preset--spacing--80)\"><table class=\"has-white-background-color has-background\"><thead><tr><th>Cookie type<\/th><th><strong>Description \/ Aim<\/strong><\/th><th><strong>Third-party<\/strong><\/th><\/tr><\/thead><tbody><tr><td>pll_language<\/td><td>It is used to save the language selected by the user. It expires once you close the browser.<\/td><td>NO<\/td><\/tr><\/tbody><\/table><\/figure>\n","protected":false},"excerpt":{"rendered":"<p>Cookies Web Gu\u00eda de identificaci\u00f3n de aves de Arag\u00f3n y Espa\u00f1a continental uses cookies, small data files that are generated in the user&#8217;s computer and that intervene as security elements and access control to some restricted areas and for statistical purposes for internal use. In no case will cookies be used to collect personal information. &hellip;<\/p>\n","protected":false},"author":1,"featured_media":0,"parent":0,"menu_order":0,"comment_status":"closed","ping_status":"closed","template":"","meta":{"footnotes":""},"class_list":["post-1014","page","type-page","status-publish","hentry"],"_links":{"self":[{"href":"https:\/\/blascozumeta.wimbitek.com\/index.php?rest_route=\/wp\/v2\/pages\/1014","targetHints":{"allow":["GET"]}}],"collection":[{"href":"https:\/\/blascozumeta.wimbitek.com\/index.php?rest_route=\/wp\/v2\/pages"}],"about":[{"href":"https:\/\/blascozumeta.wimbitek.com\/index.php?rest_route=\/wp\/v2\/types\/page"}],"author":[{"embeddable":true,"href":"https:\/\/blascozumeta.wimbitek.com\/index.php?rest_route=\/wp\/v2\/users\/1"}],"replies":[{"embeddable":true,"href":"https:\/\/blascozumeta.wimbitek.com\/index.php?rest_route=%2Fwp%2Fv2%2Fcomments&post=1014"}],"version-history":[{"count":3,"href":"https:\/\/blascozumeta.wimbitek.com\/index.php?rest_route=\/wp\/v2\/pages\/1014\/revisions"}],"predecessor-version":[{"id":1024,"href":"https:\/\/blascozumeta.wimbitek.com\/index.php?rest_route=\/wp\/v2\/pages\/1014\/revisions\/1024"}],"wp:attachment":[{"href":"https:\/\/blascozumeta.wimbitek.com\/index.php?rest_route=%2Fwp%2Fv2%2Fmedia&parent=1014"}],"curies":[{"name":"wp","href":"https:\/\/api.w.org\/{rel}","templated":true}]}}